 - 5*l - 2312 = 0. Is d a prime number?
False
Let z(j) = 15*j**3 + 6*j**2 - j - 3. Is z(5) composite?
False
Suppose i + 22020 = 5*i - 2*d, 4*i - 22012 = 4*d. Is i a composite number?
False
Let k(f) = f**2 - 11*f - 4. Let a(v) = -7 + 2*v**2 - 6*v + 0*v - 10*v - 7*v. Let n(l) = 3*a(l) - 7*k(l). Is n(7) prime?
False
Let s(o) = 781*o**3 - o - 8. Is s(2) a prime number?
False
Let z = -62 + 68. Is ((-9)/z)/(1/(-2))*19 composite?
True
Suppose 3*i - 564 = -135. Let o = i - 76. Is o composite?
False
Suppose 0 = -5*d + 13*c - 14*c + 117, -3*c + 6 = 0. Is d prime?
True
Let h = -54 + 58. Suppose -3*l = 5*w - 2046, -w + 4*w = -h*l + 2717. Is l a prime number?
True
Let u be (1/2)/((-5)/(-70)). Let f(r) = -r**2 + 53 + r - u*r**3 + 8*r**3 - 2*r**3. Is f(0) composite?
False
Let i(n) = 30*n**3 + 13*n + 6. Is i(5) prime?
True
Let p = 602 + -311. Let y be 1 - 5 - (5 + -505). Let l = y - p. Is l a prime number?
False
Let b be 178*57/6 - -2. Suppose 0*g = g - b. Is g a prime number?
True
Let x(w) = -6*w**3 - 10*w**2 - 6*w + 1. Is x(-6) prime?
False
Let s be 2009/5 - 4 - (-2)/10. Let a = s - 103. Is a a prime number?
False
Let a = -146 - 69. Is 4 - a - (-5 - -1) a composite number?
False
Suppose -3*n = 2*n - 10. Let h(t) = 2*t**2 - t + 2. Let o be h(n). Is (-2)/(o/(-174))*2 composite?
True
Let x = -23 - -26. Suppose 15 = -x*q + 24. Suppose 2*l + 0*l - 1302 = 4*z, -q*l + 3*z + 1959 = 0. Is l a prime number?
False
Let l = 16 - 16. Let q(c) = c**2 - c + 2. Let s be q(l). Is 57/((-6)/s - -4) prime?
False
Suppose -1050 = -2*r - r. Suppose -q = 5*u - 5*q - 574, -3*u + q + r = 0. Let o = u + 37. Is o a prime number?
False
Let o be 494/4 + (-3)/6. Suppose -2*r = -4*y + 28 - 290, 4*y = r - o. Is r a prime number?
True
Let r = -1172 + 1821. Is r prime?
False
Suppose 18*t - 20*t = 3*h - 60323, -t + 30189 = -4*h. Is t a prime number?
True
Suppose -3*p + 4*x - 3*x + 20 = 0, -2*p = -3*x - 18. Suppose p = 3*a - 0*a. Suppose 0 = 4*n + 2*y + y - 317, -3*n + 239 = a*y. Is n prime?
True
Suppose -2*p = -p - 3. Suppose y - 2931 = -y - 3*d, p*y = d + 4380. Is y a composite number?
True
Let z be (-6)/(-8)*(14 - 2). Let r be (3*(-12)/z)/1. Let s(x) = -x**3 - 2*x**2 - 2*x - 3. Is s(r) a composite number?
False
Suppose 53 + 3 = 4*k. Let q = k + -5. Suppose q*o = 4*o + 795. Is o composite?
True
Let x be (3 - 1) + 5*11992/4. Is (-1)/(0 + x/(-4996) + 3) prime?
True
Let r(w) = 23*w**2 - 7*w - 1. Suppose 0 = 2*m - 0*m - 10. Let x be r(m). Let n = x + -362. Is n prime?
False
Let c(m) = 13*m**3 + 2*m**2 + 2*m + 1. Let x be c(-1). Let o = -9 - x. Suppose 123 = a + 4*k, -5*k = o*a - 4*a + 114. Is a a prime number?
False
Suppose 15*u - 18*u = -15441. Is u composite?
False
Suppose -4*f - 4*c = -1004, c + 1019 = 4*f - 0*c. Let d = -159 + f. Is d a prime number?
False
Let s(r) = -4*r**3 - r**2 - 5. Let x be (48/15)/(6/15). Suppose -6*q + 4*w + x = -3*q, 3*q + 4*w = -32. Is s(q) prime?
False
Let n = -12 + 8. Let u = 124 - 71. Is (u/n)/((-3)/12) a prime number?
True
Suppose -14*c + 27133 = -92749. Is c prime?
True
Let p(h) be the first derivative of -1/3*h**3 + 17/2*h**2 - 11*h - 1. Is p(10) prime?
True
Is 5/(-35) - ((-14092)/7 + -4) composite?
False
Suppose 3*f = 2*h - 4045 + 803, -3*h + f + 4856 = 0. Is h a prime number?
False
Let l = -2685 - -5005. Let d = 8673 - l. Is d a composite number?
False
Suppose 4*y = 5*l, l + 2*l - 2 = 2*y. Suppose d - 2*d = 5*z - 5, -y*z - 15 = -d. Suppose -4*b = 2*r - d, -43 = -4*r + 3*b + 10. Is r prime?
True
Let z be (804/(-20))/(1/(-5) - 0). Let y = 20 + z. Is y a composite number?
True
Let j = -106 + 79. Let s be (-3)/2*166*3. Is s/j*6/2 a composite number?
False
Suppose -h = 3*m - 663, m - 4*h - 100 - 108 = 0. Let v = m + 78. Is v prime?
False
Let n(y) = -y**3 + 12*y**2 - 2*y - 7. Let l be 3/12 - (-93)/12. Is n(l) prime?
True
Let d(y) = 10 - y**2 + 0*y**2 + 0*y**2 + 6*y + 0*y**2. Let s be d(7). Suppose 0 = -s*l + 158 + 1159. Is l prime?
True
Let n be 1*(3 + -11 + -4). Let r be 6/n*(1 + -299). Let h = -70 + r. Is h prime?
True
Let v be (-3)/5 - 1644/(-15). Suppose -g - 3*u = -82, -u = 3*g - 5*u - 246. Let d = v + g. Is d prime?
True
Let g = -1585 + 394. Let h = g + 1678. Is h prime?
True
Is 3524/6 - 3/9 composite?
False
Let b(h) = -792*h + 377. Is b(-7) a prime number?
False
Is (3009/34)/((-12)/(-344)) a composite number?
True
Suppose 566*y = 572*y - 15882. Is y composite?
False
Suppose 4*j - 2*j = -38. Let x = 24 + j. Suppose 2*m = x*k - 811, -16 = -k - 2*m + 139. Is k a composite number?
True
Suppose -4*t + 2*x + 29981 = x, 4*t = -x + 29979. Is t composite?
True
Let i(o) = o**3 - o**2 - o + 9. Let q be i(0). Suppose 3*z - 84 = q. Is z composite?
False
Suppose -3*j - 22851 = -5*n + 23793, 2*n + j = 18651. Is n prime?
False
Let g = 89 + -192. Let u = g - -158. Is u a prime number?
False
Let p = -20 + 18. Let m be 2/(-5*p/5). Is (m - 2)/(6/(-3342)) composite?
False
Let x be (2/3)/(6/45). Suppose 541 = x*s - 344. Suppose -4*k - 2 = g - s, 0 = -2*k - 2. Is g prime?
True
Suppose -4 = -6*h + 4*h. Let n = -4 + h. Is 2/(1/((-157)/n)) a prime number?
True
Suppose 0 = -4*f + 7 - 195. Let c be (133/(-14) - 1)*(-1 + -9). Let y = c + f. Is y prime?
False
Let s(w) = -w + 9. Let r be s(6). Suppose -5*u + r*j = 536, 42 = -u - 2*j - 60. Is u/(-1 + 2 - 3) a composite number?
False
Let j be (3/(24/1100) + -1)*4. Let t = j - 292. Is t composite?
True
Suppose -5*j - 2*v - v = 104, 5*j + 83 = 4*v. Let q = 22 + j. Suppose 291 = m + q*i, 0 = 5*m - 5*i - 1445 - 90. Is m a composite number?
True
Suppose -968*q - 73805 = -973*q. Is q a composite number?
True
Let u = 982 + -503. Is u a prime number?
True
Let a(v) be the first derivative of v**3/3 + 3*v**2/2 - 2*v + 12. Let z be a(-4). Suppose -98 = -4*c - c + 3*r, -2*c = z*r - 52. Is c prime?
False
Suppose -3*i - 3*x + 27 = 0, -4*i = 3*x + 10 - 42. Suppose 0 = -i*k - 5*k + 10870. Is k composite?
False
Let q(w) = w**3 + 2*w + 302. Suppose 14*s - 17*s = 0. Is q(s) composite?
True
Let o = 5981 + -10799. Let c be 2/7 + o/(-42). Suppose 3*d - v = 204, -2*v + 147 = 4*d - c. Is d a composite number?
False
Suppose -5*p - 2 = -22. Let v = 209 - 105. Suppose 0 = -3*d + p*j + 649, 4*d - j = 744 + v. Is d a prime number?
True
Suppose u - 8 = 4*m - u, -m + 8 = 2*u. Suppose 6*s - 2*s - 104 = m. Suppose i - s = -7*f + 2*f, 4*i = 4*f + 200. Is i prime?
False
Suppose 8*i = 3*i - q + 289, -3*i + 177 = -3*q. Let h = i - 30. Let d = -15 + h. Is d prime?
True
Let l = -1 - -5. Let y(i) = i - 2. Let t be y(l). Suppose -v - v - 1220 = -t*k, 4*k + 4*v = 2464. Is k a prime number?
True
Let z(u) = 393*u - 102. Is z(3) a composite number?
True
Let l = -3450 - -7771. Is l composite?
True
Let i(o) = 2*o**2 + 23*o + 13. Let j be i(-11). Let k(b) = 4*b**j - 17 - 8*b**2 + 5*b**2 + 0*b + 16*b. Is k(-18) a composite number?
False
Let l be ((-744)/10)/(2/(-20)). Suppose -4*f + 5*b = 62 - l, 5*b = -3*f + 494. Suppose 4*n - f = 6*d - d, 0 = 2*d + 8. Is n composite?
False
Let c(r) be the first derivative of -5*r**4 - r**3 + r**2 - 4*r - 28. Is c(-3) prime?
True
Is ((-6309)/36)/(1/(-4)) a prime number?
True
Suppose -5*x + 2782 = -5463. Is x a prime number?
False
Let w(k) = -3*k - k - 4*k + 319 + 10*k. Is w(0) composite?
True
Suppose 37734 = 46*j - 40*j. Is j a composite number?
True
Let j be (0 + 3/(-3))*-3. Suppose -j*i - 2*l - l + 4431 = 0, -5908 = -4*i - 3*l. Is i a composite number?
True
Let s = 71 - 70. Is s/3 + 10020/18 prime?
True
Let m(s) = s**3 - s + 2. Let q be m(5). Let l = 209 - q. Is l composite?
True
Suppose 367741 = -2*c + 103*c. Is c a composite number?
True
Let a(t) = 34. Let i(c) = -c - 34. Let d(s) = -4*a(s) - 5*i(s). Is d(-3) composite?
False
Let y = -242 + 309. Is y composite?
False
Let r = -14 - -17. Suppose -4*v + r*v = -91. Let b = 158 - v. Is b a composite number?
False
Is (6 - 1) + 3758 + 16 a prime number?
True
Suppose 11*w - 145219 = 35302. Is w a composite number?
False
Suppose -a + 3*a = 5*l + 290, -4*l + 16 = 0. Is a prime?
False
Suppose 5 = 3*w - 10. Let p(j) be the second derivative of 13*j**4/6 - j**3/2 - 6*j**2 - 3*j - 3. Is p(w) composite?
True
Suppose -c + k - 1987 = -5*c, -3*c + 5*k = -1473. Let u = c + -295. Is u a prime number?
False
Is (-163960)/(-12)*((-45)/(-10) - 3) a composite number?
True
Let h be (8/(-2))/((-26)/(-1261)). Let j = h + 7